32477 a prime number?
False
Is 107443 composite?
True
Is 830719 a composite number?
False
Is 1618 composite?
True
Is 25423 prime?
True
Is 19571 a prime number?
True
Is 1058077 a composite number?
False
Is 359837 composite?
False
Is 1400162 a prime number?
False
Is 1445707 a composite number?
False
Is 179567 prime?
False
Is 16051 prime?
False
Is 997507 a prime number?
False
Is 469279 a prime number?
True
Is 16417 a composite number?
False
Is 9917 composite?
True
Is 23609 composite?
False
Is 16729 a prime number?
True
Is 1543 a composite number?
False
Is 44039 a composite number?
True
Is 534503 a composite number?
True
Is 3669 a composite number?
True
Is 432569 a composite number?
False
Is 25577 prime?
True
Is 6779 prime?
True
Is 35753 composite?
False
Is 382897 a composite number?
True
Is 7934 a composite number?
True
Is 687457 a composite number?
False
Is 97771 a prime number?
True
Is 28901 a prime number?
True
Is 277229 prime?
False
Is 844091 a composite number?
True
Is 2939 prime?
True
Is 38629 a prime number?
True
Is 183049 a composite number?
True
Is 26141 a composite number?
False
Is 240083 prime?
False
Is 700313 prime?
False
Is 383723 composite?
False
Is 745409 prime?
False
Is 46385 composite?
True
Is 10883 composite?
False
Is 896437 a prime number?
False
Is 1225721 a composite number?
True
Is 58085 a prime number?
False
Is 34949 composite?
False
Is 43221 a prime number?
False
Is 13443 a composite number?
True
Is 56873 composite?
False
Is 15073 a prime number?
True
Is 5161 a prime number?
False
Is 1975651 prime?
True
Is 88613 a prime number?
False
Is 8261 a prime number?
False
Is 212501 composite?
False
Is 120949 a composite number?
True
Is 21727 prime?
True
Is 51931 a composite number?
True
Is 9599 a prime number?
False
Is 39817 a composite number?
True
Is 741619 prime?
False
Is 31261 prime?
False
Is 51278 a composite number?
True
Is 1437 prime?
False
Is 94889 a composite number?
False
Is 17467 prime?
True
Is 37747 a composite number?
False
Is 178943 prime?
False
Is 281153 a prime number?
True
Is 2041 a composite number?
True
Is 9169 prime?
False
Is 755129 a composite number?
True
Is 15959 a prime number?
True
Is 162347 composite?
True
Is 209131 prime?
False
Is 7355 a composite number?
True
Is 4861 prime?
True
Is 33791 a prime number?
True
Is 45093 composite?
True
Is 26339 a prime number?
True
Is 406799 a prime number?
False
Is 8251 composite?
True
Is 30181 a composite number?
False
Is 11311 a prime number?
True
Is 48149 prime?
False
Is 10903 prime?
True
Is 19853 a composite number?
False
Is 3972781 prime?
False
Is 3037 composite?
False
Is 16013 composite?
True
Is 4667 prime?
False
Is 37409 a prime number?
True
Is 778237 a composite number?
False
Is 6673 a prime number?
True
Is 25881 composite?
True
Is 1709 a prime number?
True
Is 103709 a prime number?
False
Is 298739 composite?
True
Is 1899949 a composite number?
False
Is 49783 a prime number?
True
Is 1226 composite?
True
Is 334031 prime?
True
Is 3061 a prime number?
True
Is 65071 composite?
False
Is 79279 a composite number?
False
Is 99469 composite?
False
Is 54097 composite?
True
Is 162473 prime?
True
Is 30367 composite?
False
Is 9917 a composite number?
True
Is 29059 a prime number?
True
Is 569573 a composite number?
False
Is 1319179 a prime number?
False
Is 51873 composite?
True
Is 33445 prime?
False
Is 17219 prime?
False
Is 464591 prime?
True
Is 664295 prime?
False
Is 329941 a prime number?
True
Is 7617 a prime number?
False
Is 52621 a composite number?
True
Is 8542 prime?
False
Is 920743 a prime number?
True
Is 4751 a prime number?
True
Is 1072261 composite?
True
Is 35357 prime?
False
Is 55281 a prime number?
False
Is 13267 composite?
False
Is 10111 composite?
False
Is 63613 a composite number?
True
Is 219671 a composite number?
True
Is 84961 prime?
True
Is 24199 a composite number?
True
Is 17011 a composite number?
False
Is 688621 composite?
False
Is 4247 prime?
False
Is 5195 a composite number?
True
Is 1735399 a composite number?
False
Is 77911 a composite number?
True
Is 12251 prime?
True
Is 685 a prime number?
False
Is 18013 composite?
False
Is 508373 prime?
True
Is 106589 prime?
False
Is 689021 a prime number?
True
Is 2923 a composite number?
True
Is 797869 a prime number?
True
Is 9199 a composite number?
False
Is 35437 a prime number?
True
Is 295259 prime?
True
Is 3433 composite?
False
Is 238423 composite?
False
Is 542765 composite?
True
Is 25457 composite?
False
Is 206507 a prime number?
False
Is 9511 a composite number?
False
Is 268501 composite?
False
Is 7699 a prime number?
True
Is 1689 prime?
False
Is 23269 a composite number?
False
Is 17203 a prime number?
True
Is 1137599 composite?
True
Is 2539 prime?
True
Is 494093 prime?
True
Is 3547 a prime number?
True
Is 83911 a prime number?
True
Is 889879 a composite number?
False
Is 981887 a composite number?
False
Is 2579 prime?
True
Is 22307 a composite number?
False
Is 396141 prime?
False
Is 1079681 a composite number?
False
Is 425319 prime?
False
Is 23269 a composite number?
False
Is 6899 composite?
False
Is 15937 prime?
True
Is 12197 prime?
True
Is 93039 a prime number?
False
Is 8501 a prime number?
True
Is 142469 composite?
False
Is 364345 prime?
False
Is 32459 composite?
True
Is 20873 a composite number?
False
Is 338563 prime?
True
Is 705281 a composite number?
True
Is 2148857 composite?
False
Is 3985 prime?
False
Is 69557 a composite number?
False
Is 36415 a composite number?
True
Is 10999 a composite number?
True
Is 28787 a composite number?
True
Is 79017 composite?
True
Is 3478991 composite?
False
Is 3456197 prime?
True
Is 71447 a composite number?
True
Is 98407 a composite number?
False
Is 14767 a prime number?
True
Is 30367 a composite number?
False
Is 16771 a prime number?
False
Is 459874 prime?
False
Is 39551 a composite number?
False
Is 27361 a composite number?
False
Is 51637 a composite number?
False
Is 152363 a prime number?
True
Is 11969 a prime number?
True
Is 14051 composite?
False
Is 322939 composite?
False
Is 3251 a composite number?
False
Is 24737 prime?
False
Is 2373779 a prime number?
False
Is 1087349 a composite number?
False
Is 102811 prime?
True
Is 8759 prime?
False
Is 11023 a composite number?
True
Is 3974 a composite number?
True
Is 871 composite?
True
Is 2552833 a composite number?
False
Is 446149 a prime number?
False
Is 11863 composite?
False
Is 867617 prime?
True
Is 86341 a prime number?
True
Is 262057 composite?
True
Is 12473 a prime number?
True
Is 103463 composite?
True
Is 86069 a prime number?
True
Is 81633 a prime number?
False
Is 168143 prime?
True
Is 1501 prime?
False
Is 268599 a composite number?
True
Is 38147 prime?
False
Is 275299 a composite number?
False
Is 75171 composite?
True
Is 76441 prime?
True
Is 4703 prime?
True
Is 979 composite?
True
Is 21557 a composite number?
False
Is 7721 composite?
True
Is 2743 a prime number?
False
Is 322849 a composite number?
False
Is 16871 a prime number?
True
Is 205791 prime?
False
Is 58567 a prime number?
True
Is 91349 a composite number?
True
Is 19907 a prime number?
False
Is 350881 composite?
False
Is 38063 a prime number?
False
Is 58309 a composite number?
False
Is 91401 a prime number?
False
Is 15814 prime?
False
Is 37427 composite?
True
Is 19813 a prime number?
True
Is 463447 composite?
False
Is 10559 a prime number?
True
Is 673957 a prime number?
False
Is 46666 a composite number?
True
Is 1381187 composite?
False
Is 7855 prime?
False
Is 181457 a composite number?
False
Is 22901 a composite number?
False
Is 1361 a composite number?
False
Is 100645 composite?
True
Is 139483 composite?
False
Is 68171 a prime number?
True
Is 1602583 composite?
True
Is 11311 a composite number?
False
Is 1090373 a composite number?
False
Is 22109 prime?
True
Is 8699 composite?
False
Is 33779 a prime number?
False
Is 63911 composite?
True
Is 27343 a composite number?
True
Is 48239 a composite number?
False
Is 55763 prime?
True
Is 22529 a prime number?
False
Is 109405 a prime number?
False
Is 40957 a composite number?
True
Is 2957 composite?
False
Is 40609 a prime number?
True
Is 86107 composite?
True
Is 206263 composite?
False
Is 1933689 a composite number?
True
Is 1189231 prime?
True
Is 1469 a composite number?
True
Is 972169 a composite number?
True
Is 1